68399 prime?
True
Is 5383173085 a prime number?
False
Is 172548891479 prime?
True
Is 74054997145 prime?
False
Is 868695329 prime?
True
Is 550377241 prime?
False
Is 7102877473 a prime number?
True
Is 6018221681 prime?
True
Is 31221686093 composite?
True
Is 163268081201 a prime number?
True
Is 16474663 composite?
False
Is 3349500013 a composite number?
False
Is 14007652519 a prime number?
False
Is 16706551777 composite?
False
Is 3872457881 a prime number?
True
Is 146754431 composite?
False
Is 12168432421 a prime number?
False
Is 636520517 a composite number?
False
Is 907991173 a prime number?
True
Is 24203802163 a prime number?
True
Is 707371459 a prime number?
True
Is 232428793 prime?
False
Is 450902819 a prime number?
False
Is 4326125411 a prime number?
True
Is 1262414497 prime?
False
Is 1491784727 prime?
True
Is 5695419437 prime?
False
Is 1028285374 prime?
False
Is 3727038223 prime?
False
Is 130615535 a prime number?
False
Is 42057409411 composite?
False
Is 2844683269 prime?
True
Is 59649266161 a composite number?
False
Is 25635327791 a composite number?
False
Is 31572383369 composite?
False
Is 588460681 prime?
False
Is 1814955743 a prime number?
True
Is 256957959 a prime number?
False
Is 299547869 composite?
False
Is 18337171 composite?
True
Is 2590176467 composite?
False
Is 909934577 prime?
True
Is 2794712117 a prime number?
False
Is 14048320661 composite?
True
Is 50639057 prime?
False
Is 13669872613 a composite number?
True
Is 532354751 prime?
False
Is 851388673 composite?
False
Is 1133324909 composite?
True
Is 1205927341 composite?
True
Is 1190451541 a prime number?
False
Is 210831167 a prime number?
False
Is 21787524527 composite?
False
Is 3823406215 prime?
False
Is 513616619 a composite number?
False
Is 46673597 prime?
False
Is 7403600033 a composite number?
False
Is 64105671697 prime?
False
Is 188316607 composite?
False
Is 24177019721 a prime number?
False
Is 38949565 composite?
True
Is 5556135557 composite?
True
Is 4417765483 prime?
True
Is 3440699969 a composite number?
True
Is 46112615 a composite number?
True
Is 49243993 a composite number?
True
Is 10485274357 composite?
True
Is 1400519479 a composite number?
True
Is 5523087929 a composite number?
True
Is 10053196357 a prime number?
True
Is 5646436273 a composite number?
False
Is 5578027667 prime?
True
Is 689418461 a prime number?
False
Is 31296985598 composite?
True
Is 211848893 a prime number?
True
Is 3378743903 prime?
False
Is 22623967747 prime?
False
Is 9373662881 a prime number?
False
Is 6067304641 a composite number?
True
Is 3149131341 prime?
False
Is 24438418657 composite?
True
Is 153280969 composite?
True
Is 1334740387 prime?
False
Is 26994546791 prime?
False
Is 25098695119 composite?
False
Is 425070662209 composite?
True
Is 340973453 a composite number?
True
Is 450857933 a prime number?
False
Is 77639830259 prime?
True
Is 2034889093 a prime number?
False
Is 63639083 prime?
True
Is 5510424277 a prime number?
True
Is 1300050701 a prime number?
True
Is 4147396021 a composite number?
True
Is 284826571 composite?
True
Is 934390487 a composite number?
False
Is 15891665393 a composite number?
True
Is 12879445909 composite?
True
Is 2619770129 composite?
True
Is 2819365889 prime?
True
Is 582791267 composite?
False
Is 2163042743 a prime number?
True
Is 1561174489 a prime number?
False
Is 32009062201 prime?
True
Is 1395938209 a composite number?
False
Is 891549163 composite?
False
Is 1869781561 a composite number?
False
Is 19887258887 a composite number?
True
Is 475374082 a composite number?
True
Is 1316918711 prime?
True
Is 40358449403 a prime number?
True
Is 2833978349 a composite number?
True
Is 1072704833 composite?
False
Is 1034131933 prime?
False
Is 5074464947 a prime number?
True
Is 497004617 a composite number?
True
Is 1743594943 composite?
False
Is 151648478 composite?
True
Is 246697995259 prime?
False
Is 18334659149 a prime number?
True
Is 1112367481 prime?
True
Is 684885917 prime?
False
Is 56978627381 a composite number?
True
Is 6499181627 a composite number?
False
Is 1097295307 a prime number?
True
Is 1270572077 a composite number?
True
Is 6637546093 prime?
True
Is 2199516051 composite?
True
Is 7415386427 prime?
True
Is 12029359507 composite?
True
Is 5261261 composite?
False
Is 411037639 a composite number?
False
Is 3714835477 composite?
False
Is 932831981 a prime number?
False
Is 614316730657 a prime number?
False
Is 226037267 prime?
False
Is 8892839941 prime?
False
Is 5154895589 prime?
True
Is 601932341 a composite number?
True
Is 6719030063 composite?
False
Is 10108175509 composite?
False
Is 7686791521 composite?
True
Is 64966902973 composite?
True
Is 164030179165 prime?
False
Is 1722856829 prime?
True
Is 175853801 a prime number?
True
Is 46999516241 composite?
False
Is 11190159793 a composite number?
True
Is 3584833831 prime?
False
Is 7293702005 composite?
True
Is 993732371 a prime number?
False
Is 440042027 a composite number?
True
Is 5387390789 composite?
True
Is 81000763 a prime number?
False
Is 12643958363 composite?
False
Is 24139550003 a prime number?
True
Is 1423211021 a composite number?
False
Is 1474577407 a composite number?
False
Is 17173600211 composite?
True
Is 1787438573 composite?
True
Is 1146073891 a prime number?
False
Is 8996139613 a composite number?
True
Is 3235625339 prime?
True
Is 1352814641 a prime number?
False
Is 1859986526 a prime number?
False
Is 3991056413 a composite number?
False
Is 78267490163 a prime number?
False
Is 228021037 a prime number?
True
Is 662980085 a prime number?
False
Is 18403803269 a composite number?
False
Is 991448659 a composite number?
False
Is 26719120027 composite?
True
Is 10786931231 composite?
False
Is 1386340049 a composite number?
False
Is 863238133 composite?
False
Is 1529864927 a composite number?
True
Is 27262611877 a prime number?
False
Is 36174028263 composite?
True
Is 1962257345 a composite number?
True
Is 5139261431 prime?
False
Is 43103622467 a prime number?
False
Is 1321792279 a composite number?
True
Is 27279705763 prime?
True
Is 205879099 a composite number?
True
Is 27136303 a composite number?
False
Is 1509616733 a prime number?
True
Is 10309960147 a prime number?
True
Is 5754800827 prime?
False
Is 981145673 a composite number?
False
Is 2003360167 a composite number?
False
Is 3282749459 a composite number?
True
Is 312319069 a prime number?
False
Is 118235472701 prime?
False
Is 16568896939 a prime number?
False
Is 2830282303 a prime number?
True
Is 47786124817 prime?
True
Is 7055074867 composite?
False
Is 869601517 prime?
False
Is 2396914661 a composite number?
False
Is 133517639 a prime number?
True
Is 43337675539 composite?
False
Is 471322333 composite?
True
Is 195680707 prime?
False
Is 5084106379 a prime number?
False
Is 1615214961661 prime?
False
Is 3484916893 prime?
False
Is 565429461 a composite number?
True
Is 515154569 prime?
False
Is 1586005417 prime?
False
Is 57932646423 a composite number?
True
Is 110129266991 a prime number?
True
Is 208696661 a prime number?
False
Is 3492468839 composite?
True
Is 4883736651 a prime number?
False
Is 136122887 prime?
True
Is 4283985665 a composite number?
True
Is 67979678651 prime?
True
Is 59987391461 a prime number?
True
Is 7200446233 composite?
False
Is 34553395 composite?
True
Is 3921423079 a prime number?
False
Is 12704508503 prime?
True
Is 778711937 composite?
False
Is 6970174831 a prime number?
False
Is 2428691843 composite?
False
Is 20345874163 a composite number?
True
Is 18231380113 prime?
False
Is 11289571 prime?
False
Is 8885105149 a prime number?
False
Is 1482458233 prime?
True
Is 6878254919 composite?
True
Is 33418289 a prime number?
False
Is 2039413021 a composite number?
True
Is 14185934201 composite?
False
Is 3100165009 composite?
True
Is 3244521277 a prime number?
False
Is 1103719307 prime?
False
Is 3743794049 composite?
True
Is 11675891861 prime?
False
Is 8332724837 a composite number?
False
Is 864087031 prime?
True
Is 1516772437 a prime number?
False
Is 325114219 a prime number?
True
Is 3260362501 composite?
True
Is 11226886171 prime?
False
Is 39169498573 prime?
True
Is 24824017 composite?
False
Is 4737097991 composite?
True
Is 279493941689 a composite number?
False
Is 10794968483 composite?
True
Is 1943688701 a prime number?
True
Is 3